 the remainder when 138 is divided by 130?
8
What is the remainder when 21 is divided by 14?
7
Calculate the remainder when 282 is divided by 37.
23
What is the remainder when 1478 is divided by 16?
6
What is the remainder when 67 is divided by 17?
16
Calculate the remainder when 224 is divided by 27.
8
What is the remainder when 407 is divided by 72?
47
What is the remainder when 89 is divided by 31?
27
Calculate the remainder when 664 is divided by 29.
26
Calculate the remainder when 14 is divided by 9.
5
Calculate the remainder when 1789 is divided by 167.
119
What is the remainder when 350 is divided by 88?
86
Calculate the remainder when 291 is divided by 35.
11
What is the remainder when 142 is divided by 51?
40
Calculate the remainder when 702 is divided by 174.
6
Calculate the remainder when 40 is divided by 24.
16
Calculate the remainder when 274 is divided by 24.
10
What is the remainder when 885 is divided by 178?
173
Calculate the remainder when 1258 is divided by 170.
68
What is the remainder when 118 is divided by 17?
16
What is the remainder when 75 is divided by 8?
3
Calculate the remainder when 610 is divided by 4.
2
Calculate the remainder when 1354 is divided by 59.
56
What is the remainder when 993 is divided by 156?
57
Calculate the remainder when 2886 is divided by 714.
30
Calculate the remainder when 819 is divided by 36.
27
What is the remainder when 165 is divided by 73?
19
Calculate the remainder when 962 is divided by 46.
42
Calculate the remainder when 5277 is divided by 38.
33
Calculate the remainder when 394 is divided by 33.
31
Calculate the remainder when 57 is divided by 43.
14
What is the remainder when 58 is divided by 10?
8
What is the remainder when 845 is divided by 9?
8
Calculate the remainder when 323 is divided by 49.
29
What is the remainder when 1273 is divided by 51?
49
What is the remainder when 1522 is divided by 191?
185
What is the remainder when 222 is divided by 25?
22
What is the remainder when 937 is divided by 280?
97
What is the remainder when 139 is divided by 93?
46
What is the remainder when 116 is divided by 11?
6
What is the remainder when 588 is divided by 174?
66
What is the remainder when 56 is divided by 22?
12
What is the remainder when 71 is divided by 20?
11
What is the remainder when 314 is divided by 27?
17
What is the remainder when 97 is divided by 27?
16
What is the remainder when 874 is divided by 420?
34
Calculate the remainder when 2694 is divided by 8.
6
What is the remainder when 92 is divided by 29?
5
Calculate the remainder when 993 is divided by 100.
93
What is the remainder when 108 is divided by 35?
3
Calculate the remainder when 25 is divided by 20.
5
What is the remainder when 159 is divided by 47?
18
Calculate the remainder when 59 is divided by 19.
2
Calculate the remainder when 3119 is divided by 30.
29
Calculate the remainder when 1208 is divided by 296.
24
What is the remainder when 30 is divided by 18?
12
Calculate the remainder when 887 is divided by 89.
86
Calculate the remainder when 136 is divided by 50.
36
What is the remainder when 115 is divided by 24?
19
Calculate the remainder when 32361 is divided by 93.
90
Calculate the remainder when 459 is divided by 25.
9
What is the remainder when 1498 is divided by 12?
10
Calculate the remainder when 89 is divided by 62.
27
Calculate the remainder when 376 is divided by 9.
7
What is the remainder when 2066 is divided by 148?
142
Calculate the remainder when 555 is divided by 15.
0
Calculate the remainder when 271 is divided by 31.
23
What is the remainder when 210 is divided by 71?
68
Calculate the remainder when 224 is divided by 129.
95
Calculate the remainder when 59 is divided by 15.
14
Calculate the remainder when 197 is divided by 21.
8
Calculate the remainder when 16 is divided by 1.
0
What is the remainder when 4773 is divided by 191?
189
What is the remainder when 694 is divided by 169?
18
Calculate the remainder when 346 is divided by 7.
3
What is the remainder when 1307 is divided by 649?
9
What is the remainder when 988 is divided by 112?
92
What is the remainder when 1738 is divided by 432?
10
What is the remainder when 141 is divided by 19?
8
Calculate the remainder when 1052 is divided by 80.
12
What is the remainder when 716 is divided by 30?
26
What is the remainder when 18915 is divided by 11?
6
What is the remainder when 418 is divided by 12?
10
What is the remainder when 48 is divided by 18?
12
What is the remainder when 4621 is divided by 272?
269
Calculate the remainder when 1081 is divided by 137.
122
Calculate the remainder when 291 is divided by 26.
5
Calculate the remainder when 74 is divided by 6.
2
Calculate the remainder when 1477 is divided by 163.
10
Calculate the remainder when 463 is divided by 94.
87
Calculate the remainder when 7724 is divided by 14.
10
Calculate the remainder when 22 is divided by 14.
8
Calculate the remainder when 471 is divided by 28.
23
What is the remainder when 210 is divided by 20?
10
Calculate the remainder when 689 is divided by 69.
68
Calculate the remainder when 561 is divided by 12.
9
What is the remainder when 940 is divided by 306?
22
Calculate the remainder when 566 is divided by 142.
140
What is the remainder when 121 is divided by 18?
13
What is the remainder when 6687 is divided by 11?
10
Calculate the remainder when 543 is divided by 246.
51
What is the remainder when 100 is divided by 38?
24
Calculate the remainder when 10 is divided by 5.
0
What is the remainder when 12713 is divided by 17?
14
What is the remainder when 1697 is divided by 141?
5
What is the remainder when 250 is divided by 4?
2
Calculate the remainder when 2515 is divided by 28.
23
Calculate the remainder when 2940 is divided by 27.
24
What is the remainder when 25 is divided by 14?
11
Calculate the remainder when 899 is divided by 437.
25
What is the remainder when 1090 is divided by 40?
10
Calculate the remainder when 2564 is divided by 9.
8
Calculate the remainder when 2526 is divided by 32.
30
Calculate the remainder when 127 is divided by 79.
48
Calculate the remainder when 2294 is divided by 17.
16
Calculate the remainder when 46 is divided by 14.
4
What is the remainder when 790 is divided by 66?
64
What is the remainder when 827 is divided by 11?
2
Calculate the remainder when 3011 is divided by 12.
11
Calculate the remainder when 21 is divided by 9.
3
Calculate the remainder when 5 is divided by 2.
1
Calculate the remainder when 207 is divided by 22.
9
Calculate the remainder when 72 is divided by 60.
12
What is the remainder when 1425 is divided by 241?
220
What is the remainder when 933 is divided by 104?
101
Calculate the remainder when 58 is divided by 21.
16
Calculate the remainder when 76 is divided by 28.
20
What is the remainder when 863 is divided by 32?
31
What is the remainder when 182 is divided by 47?
41
What is the remainder when 289 is divided by 76?
61
What is the remainder when 268 is divided by 27?
25
Calculate the remainder when 614 is divided by 4.
2
Calculate the remainder when 198 is divided by 9.
0
Calculate the remainder when 492 is divided by 33.
30
Calculate the remainder when 3080 is divided by 15.
5
What is the remainder when 325 is divided by 32?
5
What is the remainder when 319 is divided by 45?
4
Calculate the remainder when 73 is divided by 18.
1
Calculate the remainder when 102 is divided by 25.
2
What is the remainder when 57 is divided by 20?
17
Calculate the remainder when 987 is divided by 165.
162
What is the remainder when 4776 is divided by 36?
24
What is the remainder when 450 is divided by 8?
2
What is the remainder when 546 is divided by 4?
2
What is the remainder when 800 is divided by 399?
2
Calculate the remainder when 355 is divided by 101.
52
What is the remainder when 480 is divided by 23?
20
Calculate the remainder when 195 is divided by 66.
63
What is the remainder when 83 is divided by 8?
3
What is the remainder when 81 is divided by 21?
18
What is the remainder when 4058 is divided by 116?
114
Calculate the remainder when 28 is divided by 8.
4
Calculate the remainder when 10954 is divided by 35.
34
What is the remainder when 118 is divided by 34?
16
What is the remainder when 15 is divided by 14?
1
Calc